prime?
True
Let v be -3 + 0 + 1 - -19. Suppose -v + 2 = 5*j. Let t(c) = -43*c - 2. Is t(j) prime?
True
Let h(d) = d**3. Let u(m) = -15*m**2 + 9*m - 8. Let k(p) = h(p) + u(p). Is k(15) a composite number?
False
Let w(u) = 37*u**3 - u**2 - 5*u - 2. Let o(j) = -73*j**3 + 3*j**2 + 11*j + 4. Let v be -7 - (-5 + 15/5). Let l(y) = v*w(y) - 2*o(y). Is l(-3) a prime number?
False
Is (27764/22)/((-8)/(-668)) a prime number?
False
Suppose 5*u = -3*s - 429, -2*u = -5*s + 2*u - 715. Let o = 240 + s. Suppose 0*w - 2*y = -w + 132, w + 5*y - o = 0. Is w composite?
True
Suppose -2*y = 2 - 14. Let z(k) = -130*k + y*k - 1 - 130*k. Is z(-1) composite?
True
Let t(c) be the third derivative of -23*c**6/4 + c**4/8 + c**3/3 + 25*c**2. Is t(-1) a prime number?
False
Let t(u) = -11*u**2 - 12*u + 5. Let z(n) = -5*n**2 - 6*n + 3. Let j(o) = 4*t(o) - 9*z(o). Let g be j(-7). Suppose g = c - 3*c + 174. Is c composite?
True
Let n be 2 - 4 - (-8 + 1). Suppose 0 = n*j + 266 - 896. Is (j/35)/((-2)/(-5)) prime?
False
Let u(p) = p**3 + 4*p**2 + 5*p + 5. Let j be u(-2). Suppose 212 = -c + j*c. Is c a prime number?
False
Is 52/(-234) - 19*1570/(-18) a composite number?
False
Let n = 14803 - 6656. Is n a prime number?
True
Let b(x) = x**2 + 2*x + 3. Let m be b(-5). Suppose 19*s = m*s + 1283. Is s a prime number?
True
Let y(k) = 493*k**2 - 63*k + 445. Is y(7) a prime number?
False
Suppose 12*p = 5*p. Is (-1)/(-3 - p)*645 a prime number?
False
Let p be 4/10 - (-63)/5. Let u = p + -12. Is 81 + (u - (2 + 1)) prime?
True
Suppose -256*l - 5759 = -257*l. Is l composite?
True
Let k be (-118 + 0)/((-27)/(-504))*-3. Suppose 3*w = 4*c + w - k, 5*c + w = 8253. Is c a prime number?
False
Let t be (-7)/28*-12*(0 - -68). Suppose -3*o = 9, s - o = t + 64. Is s composite?
True
Let q(w) = w**2 + 7*w + 2. Let x be q(-8). Let t be (-28904)/(-20) + (-2)/x. Suppose -5*m + n = 2*n - t, 5*m = -2*n + 1445. Is m a prime number?
False
Let c(l) = -3 + 5*l + 123*l**2 + l**3 - 130*l**2 - 10. Let m be (6/15 + 0)*25. Is c(m) composite?
False
Let c(k) = 40*k**2 - k - 1 + 0*k + 62*k**2 - 7*k**2. Suppose -5*g = 8 - 3. Is c(g) a composite number?
True
Let f(q) = -43*q - 36. Let v be f(-5). Suppose 0 = -9*c + 5192 - v. Is c prime?
True
Let n(y) = 1114*y**2 - 2*y - 1. Suppose -3*i = 2*i - 3*l - 5, 0 = l. Is n(i) composite?
True
Suppose 10*t + 8141 = 27681. Is t composite?
True
Let d be (1 - 0)*18/(-6). Let g be ((-21)/(-2))/(d/(-70)). Let m = 412 - g. Is m composite?
False
Let p = 2648 + 555. Is p prime?
True
Let j = -36 - -36. Suppose 3*f - 26 = f - 4*l, 5*f + 2*l - 33 = j. Suppose -f*x = -3*z + 1517, -z - x = -4*x - 511. Is z prime?
True
Let g(d) = -40*d**3 + 12*d**2 + 2*d + 9. Is g(-7) a prime number?
True
Let b(l) = l**2 + 7*l + 5. Let d = 0 - 4. Let k be b(d). Let r(u) = -u**3 - 4*u**2 - 10*u. Is r(k) a composite number?
True
Let m(i) = -i + 5 + 2 - 3. Let z be m(2). Suppose 2*j = -3*v + 970, -z*v - 193 = j - 678. Is j a prime number?
False
Let h(y) = -2*y - 11. Let q(n) = n - 14. Let t be q(7). Is h(t) a composite number?
False
Suppose -2*f + 9 + 15 = -2*y, -3*f = y - 24. Is f*(-62)/(-1) - (5 - 4) prime?
True
Suppose 122667 = -605*x + 608*x. Is x a composite number?
True
Let u(n) = 3*n**2 + 2*n + 13. Let h be u(-5). Let t = 49 + h. Is t prime?
True
Let k(j) = 2*j**2 - 5*j - 34. Let w be k(-8). Is w/(-18)*-13 - (-6)/27 a composite number?
False
Let o(b) = -b**3 - 27*b**2 + 46*b - 3. Is o(-35) composite?
True
Suppose w + 0*w + 3*p + 268 = 0, 2*w + 518 = 3*p. Let c = 875 - 504. Let g = w + c. Is g prime?
True
Suppose 4*y - 134 = 3*t, 276 = -4*t - 5*y + 56. Is t/(-4)*26 + 4 prime?
False
Suppose 56860 = 3*l + 17*l. Is l composite?
False
Suppose 6*l - l = 20. Suppose -4*k = l*x - 16, 4*x + k = 6*x - 5. Suppose 66 = 3*r + 2*g - 191, 4*g + 233 = x*r. Is r prime?
True
Suppose -25*r = -19*r - 14142. Is r composite?
False
Let j(n) = -93*n - 86. Is j(-23) a composite number?
False
Let p(t) = 3*t + 831. Let o be p(0). Suppose -o - 728 = -k. Is k composite?
False
Suppose -2*u + 6 = x - 6, -4*x = 3*u - 8. Let p = 13 - u. Suppose i = -0*q - p*q + 1620, 0 = 2*q - 4*i - 626. Is q a composite number?
True
Let l(t) = 365*t - 1. Let s be l(-4). Let p(m) = m**2 + 62*m + 311. Let j be p(-41). Let n = j - s. Is n prime?
True
Let o(s) = -s - 17. Let i be o(-17). Suppose -8*q + 9*q - 409 = i. Is q composite?
False
Suppose 0 = -4*j + 3*r + 12, 0 = -j + 2*r + 1 + 2. Suppose 5*i + 2*q - 407 = 0, q + q + 257 = j*i. Is i a composite number?
False
Let s be 1 - (-3)/((-6)/(-976)). Let o = 220 + 17. Suppose -4*j - o = -h - 624, 5*j + 4*h - s = 0. Is j composite?
False
Suppose 3947 = -i + 2*m + 14637, -6 = -3*m. Is i a composite number?
True
Suppose -2*u - 3*c = -3, -2*c = 2*u - 0*c - 4. Let v(l) = 114*l**2 - 2*l - 2. Is v(u) a composite number?
True
Let u(l) = 20*l + 171. Is u(19) prime?
False
Let l(x) = x**2 + 9*x - 35. Let h be 17*(5 + -4)/(1 + 0). Is l(h) prime?
False
Suppose 12*u - 21338 = 19966. Is u prime?
False
Is 2/(-26) + (-986368)/(-416) a prime number?
True
Suppose -113*c + 109*c = 36. Suppose -32 = 3*t + 4*z - 3, 34 = -3*t - 5*z. Is (-103)/t + (-6)/c a composite number?
True
Let v(y) = 8*y**2 + 18*y + 3. Let s = 57 - 52. Is v(s) composite?
False
Is 1157572/44 + 78/143 a prime number?
True
Let p(g) = -28*g - 4. Let h be p(-3). Let w = h + -29. Is w a composite number?
True
Let g = -1153 + 1797. Let w = g + -201. Is w composite?
False
Suppose h - 1058 = 799. Is h prime?
False
Suppose m - 167 = 506. Is m a prime number?
True
Suppose 27*n - 6330 = 17*n. Is n prime?
False
Let w(d) = -d**3 - 5*d**2 + 11*d + 7. Let j be w(-7). Let i be ((-27)/12)/((-1)/j). Suppose 3*v = -3*n + i, 3*n + 32 = v + v. Is v a composite number?
False
Let n = -4756 - -9257. Is n composite?
True
Suppose d - 119379 = -2*q, 2*d = -5*q + 4*q + 59697. Is q composite?
True
Let r = 49 - 46. Is (1/r*-3)/((-2)/5482) prime?
True
Let d be (-2)/(-2)*1 + -1. Let u be -6*(-1)/(-3)*-52. Suppose 5*g - 451 = 2*n, -u = -g + 5*n - d. Is g composite?
False
Let n(c) = -228*c**3 - 3*c**2 - 6*c - 5. Is n(-2) a composite number?
True
Is 1/2*47452/2 prime?
True
Suppose -3*c - 6 = -0*c + 2*t, 4*c - t - 3 = 0. Suppose -6*k - 655 + 2917 = c. Is k prime?
False
Let x = 349 + 6705. Is x composite?
True
Is (-2 - 57040/6)*36/(-24) a composite number?
True
Let u(p) = 1227*p + 77. Is u(6) prime?
False
Let u = -9 - 86. Is 1/((-381)/u + -4) prime?
False
Let o(z) = -z**3 - 11*z**2 - 18*z - 15. Suppose -3*b - 4*x - 47 = 0, 2*x = 2*b - 2*x + 18. Is o(b) prime?
True
Let d be 1*-5*(-1 + 0). Suppose -2*z + 387 = d*g, 3*z - 150 = -2*g + 7*z. Suppose -b + g = -36. Is b prime?
True
Is (-2)/8 - 1933855/(-140) composite?
True
Suppose -2*m - 6 = 0, -2*m - 141 = -5*o - 0*o. Let x = 50 - o. Is x a composite number?
False
Suppose -3 = 3*z, -526 = 2*l + 2*z - 2322. Suppose 532 = -0*w - 2*w. Let t = l + w. Is t composite?
True
Suppose 10*r + 391 - 121 = 0. Is (-6)/r + 5738/18 + -2 prime?
True
Suppose -4*k = -4*h + 28824, 2*h + 5*k = -0*k + 14377. Is h prime?
False
Suppose -8 = q - 12. Suppose -q*j + 20 = 0, -p + 6*j - 7 = 3*j. Is (-43)/(-2)*p/2 composite?
True
Let r = 5862 + 35. Is r prime?
True
Let p(l) = -11*l**2 - l + 2*l**2 - 5 + 2*l**3 + 8*l. Is p(6) a composite number?
True
Suppose 5*x - 69573 - 122642 = 0. Is x a composite number?
True
Suppose -52*h + 37*h + 25995 = 0. Is h a composite number?
False
Suppose 3*i = -15, 2*b - 472 = i + i. Let z = b + -103. Let q = z - 63. Is q a prime number?
False
Is ((-134)/(-5))/((-4)/(-1270)) a prime number?
False
Suppose 0 = -77*b + 499285 + 213196. Is b a prime number?
False
Suppose -6*d = d - 298130. Suppose -7*m - 3*m + d = 0. Is m prime?
True
Let g = 16 + -7. Suppose g*r - 130 = 4*r. Let q = 183 - r. Is q prime?
True
Suppose -192 - 105 = -3*z. Let o be 99/6*8/(-3). Let k = o + z. Is k composite?
True
Is 2323980/54 + 1 + 4/(-6) prime?
True
Suppose -f + 4 = -3*f - 5*j, -4*f + 3*j = -44. Let q be 2*(-2)/f*-2. Suppose -q + 92 = c. Is c composite?
True
Let n be (4/5)/(12/30). Suppose n*o - 942 = -0*o. Is o composite?
True
Let s(f) be the first derivative of -6*f**2 - f - 50. Suppose -5*n - 28 = -2*k, 3*n + 2*k + 8 = -n. Is s(n) a prime number?
True
Suppose -8*c - 2392 = -6*c. Let u = 3010 + c. Is u composite?
True
Suppose f + 2*f = 90. Let t = f - -29. Is t prime?
True
Le